= 22 + -20. What is the units digit of x/4 - (-1016)/16?
4
Suppose 3*k + 0*w - w - 31 = 0, -5*k + 4*w = -61. What is the hundreds digit of (-1)/(-3) - (-1041)/k?
1
Let s(x) = 3*x**3 - 11*x**2 + 3*x + 14. What is the tens digit of s(4)?
4
Let t(q) = -46*q + 139. What is the hundreds digit of t(-20)?
0
Let n(q) = -q**2 + 6*q - 5. Let m be n(4). Suppose -4 + 7 = m*t. What is the units digit of (3 + t)*46/8?
3
Suppose -4233 = 14*n - 11303. What is the hundreds digit of n?
5
Suppose 38 - 96 = t. Let x = -39 + 25. What is the units digit of 1/(-4 + t/x)?
7
Suppose -25*h - 45564 = -37*h. What is the thousands digit of h?
3
Let u = 2317 + -807. What is the thousands digit of u?
1
Let g(c) = -2*c + 8. Let w(u) = 9*u - 33. Let z(j) = -21*g(j) - 5*w(j). Let k = -251 - -246. What is the units digit of z(k)?
2
Suppose 4*l - l + 8 = 4*s, 2*s = 3*l - 2. Let v(z) = z**3 - 3*z**2 - 10*z + 1. What is the units digit of v(s)?
1
Suppose -4*b + 14 = 2. Suppose -19 = -4*o - b. Suppose 145 = 5*u + 5*h, 2*u + 2*u - o*h = 116. What is the tens digit of u?
2
Let m(y) = 5*y - 10. Let i be m(6). Let h = i - 14. What is the units digit of (-15)/h*(2 + -16)?
5
Let t be 6*((-36)/8 - -5). What is the tens digit of (-158)/(-1) - t/6*-6?
6
Suppose 5*t + 4 + 1 = -5*j, 2*j - 5*t = 19. Let k(d) = -9*d**2 - 1 + d**2 + d**3 + 3 + j*d. What is the tens digit of k(8)?
1
Suppose 0 = -5*c - f - 12754, 2*c + 0*f + 5108 = -2*f. What is the units digit of (-1 - (-21)/12) + c/(-24)?
7
Suppose -9*t + 6*t = 21. What is the tens digit of 73 - (-1 - (t - -4))?
7
What is the hundreds digit of (-3)/((8924/2228 - 4)*-1)?
5
Suppose -k = s - 9, 0 = s - 2*k - 9. Let c(p) = -p**2 + 7*p + 20. Let n be c(s). Suppose -2*d = -2*v - v + 151, -n*d + 104 = 2*v. What is the tens digit of v?
5
Let t be 4/26 + (-350)/(-91). What is the tens digit of (-150)/(-2) + t/(-2)?
7
Suppose -4*q + 0 - 4 = -2*c, -3*c = 4*q + 34. What is the tens digit of (c + 2)/(-4) - -83?
8
Suppose -17*n = -12*n - 965. What is the hundreds digit of n?
1
Let v(x) = x**3 + 12*x**2 - 12*x + 24. Let n be v(-13). Suppose -58 = 9*h - n*h. What is the units digit of h?
9
Let p be (-2)/5 - ((-6)/15 - 5). Suppose 3*b - 5*w - 37 = 0, 0 = 2*b + 4*w - 5 - 27. Suppose -6 = -p*c + b. What is the units digit of c?
4
Let a be 220/8 - 4/(-8). Let i = -46 - a. Let n = 131 + i. What is the units digit of n?
7
What is the units digit of 9 + (-1)/(7/(-10962))?
5
Let j(f) = 111*f**2 - 96*f + 4. What is the units digit of j(3)?
5
Suppose 1636 = -n + 5*n. What is the units digit of n?
9
Suppose j = -2 - 6. What is the units digit of (-12)/(-2) - 24/j?
9
Let f = 63 - 49. What is the tens digit of (91/13)/((2/f)/1)?
4
Suppose 2*l - 5*l + 2*n + 3858 = 0, -3*n = 0. What is the hundreds digit of l?
2
Let h be -4 + 0/2 + 288. Suppose -h = -2*k + 28. What is the tens digit of k?
5
Let r(g) = 6*g**2 - 9*g - 60. What is the tens digit of r(-10)?
3
Let p = 59 - 63. Let c(k) = -34*k + 7. What is the tens digit of c(p)?
4
Let u(c) = c**2 + 6*c - 11. Let t be u(-8). Let z = t - 0. Suppose 5*s = -3*l - 2*l + 35, 4*s = -z*l + 31. What is the units digit of l?
3
Suppose 5*b - 292 = 4*b + 3*q, -3*b - 3*q + 912 = 0. What is the tens digit of b?
0
Let n(g) = -16*g - 147 - g + 144. Suppose q = i - 1, 2*q - q + 3 = -i. What is the units digit of n(q)?
1
Let u = 2 + 1. Suppose u*d = n + 50, -6*d + 2*d - n = -76. What is the units digit of d?
8
Suppose 1860 = 4*v + 4*h, -4*v + 1848 = -0*v - 2*h. Let q = -252 + v. What is the hundreds digit of q?
2
What is the units digit of (25 + -15 + -6)*(0 + 603)?
2
Let c be 737/(((-25)/(-10))/5). Suppose 0 = y - 2, 0 = 3*w + 2*w - 3*y - c. What is the hundreds digit of w?
2
Suppose 2*m + 12 = i, -i = -m - 0*m - 8. Suppose -i*f = -3*f + 9. What is the tens digit of (-78)/f*(-3)/(-2)?
1
Suppose 3*a + 5*b = 1306, -2*a - 1266 = -5*a + 3*b. What is the tens digit of a?
2
Let s = 2093 + -1431. What is the units digit of s?
2
Let x(l) be the second derivative of -l - 11/6*l**3 - 1/12*l**4 - 7/2*l**2 + 0. What is the tens digit of x(-7)?
2
Suppose 0 = -3*z - 30 + 6. Let l be z/10*30/(-12). Suppose 4*d = 4*i + i - 68, l*i - 4*d - 20 = 0. What is the units digit of i?
6
Let s = 39 + -11. Let l = 82 - s. What is the units digit of l?
4
Let d(z) = 4 + 8*z**2 - 4 - 124*z + 5 + 128*z - 4*z**3. Let s(w) = -5*w**3 + 8*w**2 + 4*w + 4. Let a(m) = -6*d(m) + 5*s(m). What is the units digit of a(-8)?
2
Let g = -11 - -17. Let m(s) = s**3 - 11*s**2 + 13*s - 6. Let z be m(10). Suppose 2*f = -h + z, -g = -2*f - f. What is the tens digit of h?
2
Let r = -33 - -2. Let c = r - -61. What is the units digit of c?
0
What is the units digit of (-148)/(-407) - 17460/(-22)?
4
Suppose n + 8 = 1. Let s(m) = -m**3 - 4*m**2 + 4*m - 2. What is the units digit of s(n)?
7
Suppose 4*h - 15 = 17. Suppose -5*m - 4*a - 13 = -h*a, -6 = 3*m - 3*a. What is the tens digit of (52/m)/(44/(-110))?
2
Suppose -5*c = -1 - 4. Let a = 1 - c. Suppose r = -a*r + 13. What is the tens digit of r?
1
What is the hundreds digit of -3 + 2*(-5 + 172)?
3
Suppose -164*g + 169*g = 2555. What is the units digit of g?
1
Suppose -2*l = -u - 5, 2*u - 8 = -0*l - 5*l. Suppose -l*x + 5 + 1 = 0. Suppose 73 = x*p - 2*d, 5*d - d = 4. What is the tens digit of p?
2
Let s(t) = -t**2 + 3*t - 2. Let z be s(3). Suppose 2*g + 2*x - 40 = 0, -3*g = g - 3*x - 52. What is the tens digit of -2 + z + 8 + g?
2
Let c(p) = 6*p**2 - 96*p - 27. What is the units digit of c(22)?
5
Suppose -5*c = h - 0*c - 539, -4*c + 1628 = 3*h. What is the units digit of h?
4
Suppose -p - 6 = 5. Let o = p - -18. Suppose 0 = q - 2 - o. What is the units digit of q?
9
Suppose 2*l + 76 = -2*l. Let d = l - -15. Let p(v) = v**3 + 7*v**2 + 5*v - 4. What is the tens digit of p(d)?
2
Suppose -5*i = 0, 0 = -4*l - 4*i + 2 + 6. Suppose 2*v = -l*v + 80. What is the units digit of v?
0
Suppose -6*a - 92 = -2*a. Suppose 9*r + 69 = 465. Let l = a + r. What is the units digit of l?
1
Suppose -d - 4*t = -657, 2628 = 4*d - 6*t + 3*t. What is the hundreds digit of d?
6
Let n = 849 + -524. What is the hundreds digit of n?
3
Suppose -11*b + 7*b + 44 = 0. Suppose -11 = -2*z + b. What is the tens digit of z?
1
Suppose -o = -8 + 3. Suppose -158 = -x - 2*m - 17, 4*x = o*m + 590. What is the tens digit of x?
4
What is the tens digit of 4452/35 - 15/75?
2
Let a = 10 + 2. What is the hundreds digit of (a/(-14))/((-3)/693)?
1
Suppose 102*x - 106*x + 972 = 0. What is the tens digit of x?
4
Let s = 87 + -57. What is the tens digit of s?
3
Let c(z) = z**2 - 6*z + 10. Let q be c(4). Let f(k) = q*k - 7*k + 1 + 4*k. What is the units digit of f(-9)?
0
Suppose 42*a - 39315 = -3027. What is the hundreds digit of a?
8
Suppose -52461 = -33*o + 1329. What is the units digit of o?
0
Suppose 3*u = -2*u + 190. Suppose -m = -u - 56. What is the units digit of m?
4
Let d = 41 - -21. Suppose 73 + d = 3*w. What is the units digit of w?
5
Let m(s) = -s**3 + 4*s**2 + 5*s - 6. Let r be 0/(4/2 + -5). Suppose r*b = 3*b - 12. What is the units digit of m(b)?
4
Let z = -53 + 89. Let n = 76 - z. What is the tens digit of n?
4
Suppose 2*l - 2 = -i - 5, -2*i - 2*l + 4 = 0. Suppose -c = i - 13. What is the units digit of c?
6
Let r(z) be the first derivative of z**4/4 - z**2/2 - z + 6. Let n be r(0). What is the units digit of n*(-2)/(-2)*-1?
1
Let l be (1/(-3))/(3/(-36)). Suppose 2 = -j - l. What is the units digit of j/33 + 310/11?
8
Let w(c) = -4*c - c - 8*c**2 - 19*c + 23*c**2 - 24 + c**3. What is the tens digit of w(-16)?
0
Let y = -15 - -27. What is the tens digit of 82/3 + (-4)/y?
2
Let p = -19 + 31. Suppose 90 = 2*f + 2. Suppose -s - p = -f. What is the tens digit of s?
3
Suppose f - 5*f + 1160 = 0. Suppose -5*m - f = -7*m. What is the units digit of m?
5
Let g(l) = -21*l**2 - 3*l - 1. Let c be g(-2). Let b = 320 + -445. Let j = c - b. What is the units digit of j?
6
Suppose s + 12 = 5*s. Suppose 62 = f + 5*k, -f - f + 59 = -s*k. What is the units digit of f?
7
What is the tens digit of 32/10*(-7 - 381/(-3))?
8
Let f = 3 + -1. What is the tens digit of 98 - (f - 6) - 4?
9
Let d be (-2 - -791)*2/6. Suppose 0 = -5*l + d - 58. What is the tens digit of l?
4
Suppose -v - 5 = 3*r, 3*v + 5*r = -3 - 8. What is the units digit of (67/v)/(8/(-16))?
7
Suppose -4*r - 8 = 24. Let g = -14 - r. What is the units 